s p(4)?
-31
Let s(v) = -2*v**2 - 3*v - 1. Let p be s(-1). Let q(o) = -o + p*o**2 - 6 - o**2 - 6*o. Let y be (6/(-15))/((-3)/(-30)). Calculate q(y).
6
Suppose 13 = -2*o + 5. Let s be o + 9 + 2 + 2*-2. Let y(p) = -p**2 + 2*p + 2. Give y(s).
-1
Let f = 39 + 3. Suppose -f = 2*y + 3*k, 3*y = 2*y - 3*k - 24. Let i be 3/(-2) + (-9)/y. Let a(p) = 9*p. What is a(i)?
-9
Let y be (7 - 2/2)/(-4 - -6). Let d(k) be the third derivative of -1/20*k**5 + 3*k**2 - 1/24*k**4 + 1/120*k**6 + 2/3*k**y + 0*k + 0. Calculate d(3).
1
Suppose 0 = 4*m + 6*o - 5*o - 7, -37 = -4*m + 5*o. Let r(z) be the first derivative of m + z - 5/2*z**2 - 1/3*z**3. Give r(-4).
5
Let a(n) = -89*n - 261. Let v be a(-3). Suppose 0*k + 4 = 2*k. Let z(b) = b + 1 - k - 1. Determine z(v).
4
Let a(z) = -z + 1. Let l = 31 - 16. Let w = l - 8. Let y = -10 + w. Give a(y).
4
Let b = 28 + -32. Let i(k) = -k**2 + 5*k + 5. Let w(m) = -m**2 + 4*m + 5. Let x(g) = b*w(g) + 3*i(g). Calculate x(4).
7
Let y(z) be the first derivative of 5*z - 11 + 1/3*z**3 + 3*z**2. Give y(-6).
5
Let s(f) = -7*f - 58. Let u be s(-7). Let q(v) = -v**2 - 8*v + 7. Calculate q(u).
-2
Let x(p) be the third derivative of -p**3 + 0 - 1/60*p**5 - 6*p**2 + 1/4*p**4 + 0*p. Determine x(6).
-6
Suppose -2*u + u = -q + 7, 2*q = -2*u + 2. Let z(j) = 2 + 4*j + 3*j**2 + q*j - 2*j - 4*j**2. Give z(7).
-5
Let j(a) be the third derivative of a**5/60 - a**4/24 + 5*a**3/6 + 7*a**2 - 2*a. Determine j(0).
5
Let x(b) = 2*b**3 + 30*b**2 - 32*b - 5. Let a be x(-16). Let m(u) = -u**3 - 8*u**2 - 16*u - 7. Calculate m(a).
-2
Suppose 2*r - 3*z = -19 - 2, 25 = 5*z. Let i(v) = -2 + 0 - 3*v + 2*v**3 + 3*v**2 + 0*v. Give i(r).
-20
Let z(d) = d**2 - 8*d - 4. Let l be z(8). Let j be 0/((-2)/(3 + l)). Suppose j = -4*i + 7*i. Let u(c) = -c - 10. Give u(i).
-10
Suppose -10*y - 7*y = -51. Let o(i) be the first derivative of -i + i**2 + 5/2*i**4 - 1/3*i**3 + y. Determine o(1).
10
Let a(k) = -k**2 - 6*k + 18. Let b be a(-8). Let f(p) = 4 + 3*p**3 - 5 - 2*p**3 + 2*p**2. Determine f(b).
15
Suppose 2*l + 10 = 7*l. Let v(s) = 26 - 17 - l*s - 10. What is v(-5)?
9
Let g = -988 + 996. Let l(i) = -7 - 8 - 2 + 2*i. Let d be l(g). Let x(s) = 13*s + 1. Determine x(d).
-12
Let m(v) = 1 - 6 + 7*v - v**2 - 8 + 5 + 7. What is m(8)?
-9
Let d(b) = -4*b**3 - b. Suppose -3*g - 4*g = -7. Let m be -1 + g + 4/4. Calculate d(m).
-5
Suppose 0 = -2*i - i + 5*g - 9, -i + g - 3 = 0. Let k(l) = -9*l - 6. Let n(s) = 6*s + 5. Let c(b) = 4*k(b) + 5*n(b). Give c(i).
19
Suppose 3*m = 14 - 35. Let f(r) = -r**3 - 8*r**2 - 8*r - 9. Calculate f(m).
-2
Let y be 3*(64/30)/4*5. Let w(d) = d**2 - 6*d + 3. Give w(y).
19
Suppose 2*w + 12*w - 56 = 0. Let g(d) be the second derivative of 0 + 2*d**2 + 5/6*d**3 + 2*d - 1/6*d**4. Calculate g(w).
-8
Let k(t) be the first derivative of -t**4/4 + 2*t**3 + t**2/2 - 4*t - 142. Calculate k(4).
32
Suppose -3*i - 189 = 15. Let r(q) = q**2 + 13*q - 22. Let b be r(-15). Let w be (-132)/(-34) - b/i. Let k(j) = -j**3 + 3*j**2 + 6*j - 4. What is k(w)?
4
Let m(r) = r**3 + r + 1. Suppose -t - 7 = -5. Let b(y) = y**2 + 3*y + 1. Let n be b(t). Determine m(n).
-1
Let r(j) be the first derivative of -j**3/3 - 3*j**2 - 4*j - 3. Let m be r(-4). Let s(a) = -6*a + m + a + 6*a - a**2. Give s(3).
-2
Let b(j) = -236 + 3*j - 2*j + 232. Give b(3).
-1
Let d(h) = -10*h - 5. Suppose u + 3 = -0*t - t, 4 = 4*u - 4*t. Let a be 2 - (u + 1 + 4). Let j(v) = -3*v - 2. Let p(k) = a*d(k) + 7*j(k). Give p(-3).
-1
Let n(c) = -c**2 + 6*c + 6. Let j(w) = -3*w**2 + 18*w + 19. Let o(r) = -2*j(r) + 7*n(r). Determine o(8).
-12
Let d(q) be the first derivative of -1/120*q**5 - 6 + 5/3*q**3 + 1/24*q**4 + 0*q + 0*q**2. Let s(g) be the third derivative of d(g). Calculate s(4).
-3
Let t(o) = 2*o**2 + 6*o + 5. Let b(z) = 39*z + 189. Let x be b(-5). What is t(x)?
41
Suppose -4*i = -10 - 6. Suppose -10 = -4*s - s - z, -i*s - 1 = -z. Let v(g) = g**2 - 1. Let y(x) = 5*x**2 - x - 8. Let t(d) = s*y(d) - 6*v(d). Calculate t(3).
-14
Let b(w) = 2*w**2 - 3*w - 12. Let g be b(-4). Let p = g - 33. Let u(y) = y**2 + y + 1. Give u(p).
1
Let z(g) = g**2 + 6*g + 2. Let x(q) = -q**2 - 6*q + 6. Let c be x(-6). Suppose -n - 6 = c. Let d = n - -6. Give z(d).
2
Let f(m) be the first derivative of -5*m**2/2 - 3*m - 17. What is f(4)?
-23
Let z(y) = -y**3 + 10*y**2 + 11*y - 1. Suppose -a + 19 = -4*t, -a + 3 = -0*t + 4*t. Calculate z(a).
-1
Let l(r) = -3*r**2 + 2*r. Suppose -4*t = t + 5. Let p be (35/10)/(t/2). Let j be p*-2*1/7. Calculate l(j).
-8
Let j = 0 + -1. Let r(o) = -o - 1. Let i(v) = v**3 - v**2 - 2*v - 1. Let y(k) = j*i(k) + 2*r(k). Suppose 8 = 7*d - 3*d. Give y(d).
-5
Let h(x) = 17*x - 194. Let t be h(12). Let a(b) = 5*b - 4. Determine a(t).
46
Let y(r) be the first derivative of r**2/2 - 4*r + 9. Let s be y(7). Let a(j) = 4 - 6*j**2 + 2*j**3 - 11 - j**s. What is a(6)?
-7
Let l(s) be the first derivative of -11 + 3*s + 7/2*s**2. Determine l(-2).
-11
Let l(p) be the second derivative of -p**5/20 - 7*p**4/12 - 7*p**3/6 - 2*p. Suppose -248*h + 263*h = -90. Determine l(h).
6
Let s(t) be the third derivative of 1/24*t**4 + 0*t - 1/3*t**3 - 2*t**2 + 0. Determine s(4).
2
Let f(t) = -t**3 + 28*t**2 - 28*t + 29. Let d = 26 - -1. Let n be f(d). Let h(k) = -2*k**3 + k**2 - 2. Determine h(n).
-14
Let x(v) = -4*v**2 + 3 + 5*v**2 + 61*v - 116*v + 52*v. Let a be 3 + (0 - (-2)/1). Suppose a = -s + 7. Calculate x(s).
1
Let r be ((-710)/(-60) + -11)*3. Let y(p) be the second derivative of 0 + 2*p - r*p**2 - 1/6*p**3. Calculate y(-5).
0
Suppose -4*m - 6 = -2*m. Let r(h) be the third derivative of 0 + 0*h**3 + 1/24*h**4 - 15*h**2 + 0*h. Calculate r(m).
-3
Let t be ((-112)/(-36))/((-24)/108). Let d(x) = -x - 28. Give d(t).
-14
Suppose -22*g = -23*g + 3. Let v(h) be the third derivative of -3*h**2 + 0 + 0*h**4 - 1/3*h**g - 1/120*h**6 + 1/20*h**5 + 0*h. Calculate v(3).
-2
Let u(h) = -3*h**2 + 8*h - 5. Let z(i) = -3*i**2 - 2. Let r(b) = 7*b**2 + 5. Let x(g) = -2*r(g) - 5*z(g). Let t(q) = -u(q) - 2*x(q). What is t(7)?
-2
Let u(y) = 13*y - 7*y + 8 + 2*y - 9*y. Calculate u(12).
-4
Suppose -3*d - 2*c - 29 = 2*d, 2*d + 20 = 2*c. Let k be d/(-7) + (4 - 2). Let y(l) = -l - 3*l**2 - 9 + l**k - 13 + 21. What is y(2)?
-7
Let a(p) = -p**2 + p + 1. Let b(c) = -c**3 - 6*c**2 + 3. Let y be b(-6). Let i(f) = -y - 6*f**2 + 6*f + 5*f**2 - 19*f + 7. Let x be i(-13). Give a(x).
-11
Let m(d) = -d**3 - 4*d**2 + 6*d - 1. Let a = -40 + 56. Let u = 11 - a. Calculate m(u).
-6
Let l(z) be the first derivative of 5/2*z**2 - 37 - 3*z - 2/3*z**3. Give l(3).
-6
Let j = -25 + 22. Let k(l) be the second derivative of -1/2*l**2 - 9*l + 0 - 1/12*l**4 + 0*l**3. What is k(j)?
-10
Let w(i) be the third derivative of -5*i**4/24 - 11*i**3/3 + 156*i**2. Calculate w(-7).
13
Suppose -2*p = 4, t = 6*p - 7*p. Let g(q) = -9*q - 2. Give g(t).
-20
Suppose 283 - 112 = 9*v. Let q(u) = -u**3 + 18*u**2 + 19*u + 2. Determine q(v).
2
Suppose 0*o + 14*o = 224. Let a(l) = l - 21. Give a(o).
-5
Let w(n) = n**2 - 5*n - 1. Let k(q) = q**2 - q. Let c(u) = -2*k(u) + w(u). Let g = 1 - 5. Calculate c(g).
-5
Let p be (18/(-12))/(3/(-6)). Suppose 0*h = 4*h - 2*t + 42, 0 = -p*h - 5*t - 12. Let u(f) = -f - 11. Determine u(h).
-2
Let c(n) = n**2 + 8*n + 9. Let k be 140/(-40)*-5*(-10)/25. Give c(k).
2
Let n(d) be the third derivative of d**8/6720 - d**7/1260 - d**6/240 + d**5/60 - 7*d**4/6 - 25*d**2. Let j(m) be the second derivative of n(m). Calculate j(3).
2
Let d(b) be the third derivative of 0*b + 0 + 1/6*b**3 - 1/6*b**4 + 6*b**2. Determine d(1).
-3
Let q(h) = h**2 - 10*h - 7. Let o(x) = -2*x - 8. Let l be o(-12). Suppose l = 3*t - 7*t, -5*t + 30 = 5*v. Calculate q(v).
-7
Suppose -z + 29 = -5*v, 0 = -8*v + 6*v - 4. Let x = -13 + z. Let p(d) be the first derivative of d**2 - 1. Give p(x).
12
Let p(u) be the first derivative of u - u**2 - 11/3*u**3 - 11. Calculate p(1).
-12
Let k = 40 - 37. Let c(n) = 7*n - 7*n**2 - 3*n**3 - 4 + 5*n**3 - 7 - 3*n**k. Determine c(-8).
-3
Let p(s) = s - 2. Suppose 0 = 4*h + 29 - 5. Let n = -2 - h. Let k be (2/n)/((-2)/(-12)). Determine p(k).
1
Let c(z) = -7*z**3 + 12*z**2 - 14*z - 1. Let d(b) = -10*b**3 + 18*b**2 - 21*b - 1. Let w(y) = 7*c(y) - 5*d(y). Calculate w(5).
8
Let k(f) = 9*f + 3. Let a be k(-2). Let t(j) = j + 3. Let c be t(-7). Let w be ((-12)/a)/(c/10). Let x(m) = m**3 